+ 8*h - 10. Suppose -107 = -7*v - 163. What is k(v)?
-10
Let t(w) be the first derivative of -w**4/4 - 2*w**3/3 + w**2 + 2*w + 70. What is t(0)?
2
Let y be (3/(-6))/((-12)/96). Suppose 3 = v + 1. Let o(m) = 0*m + 0 - m**v + 6*m - 2. Determine o(y).
6
Let b(d) be the second derivative of d**5/20 + d**4/6 + d**3/6 + d**2 - 86*d - 1. Determine b(-3).
-10
Let b(h) be the second derivative of -1/20*h**5 + 5/2*h**2 - 1/6*h**3 - 10*h + 1/3*h**4 + 0. Determine b(4).
1
Let m(k) be the third derivative of -9*k**2 + 1/24*k**4 + 0 - 2/3*k**3 + 0*k. Determine m(6).
2
Let l(d) be the third derivative of d**5/30 - 5*d**4/24 - d**3 - 52*d**2. Give l(5).
19
Let x(l) be the third derivative of l**5/30 - l**4/24 + 11*l**2 - 19. Let c be (-12)/(-5) - (-4)/(-10). What is x(c)?
6
Let s(p) = p**2 - 3. Suppose -13*l + 8*l + 4*a = 4, 4*a = -5*l + 4. Give s(l).
-3
Suppose 3*i = 2*i + 7. Let n(t) = t**3 - 6*t**2 - 8*t - 6. What is n(i)?
-13
Let x(v) = -v**3 + 3*v**2 + 5*v - 3. Let p = -1 - -6. Suppose -2 = k - p. Determine x(k).
12
Let a(p) = -4*p + 40. Let t be a(-9). Let q(u) = 2*u + 72 - 142 + u + t. Calculate q(-4).
-6
Let v(x) = -21*x + 8. Let y be v(2). Let f = y + 32. Let t be (49/35)/(f/(-10)). Let s(o) = o**3 - 7*o**2 + 6. Give s(t).
6
Suppose 0 = -21*c + 16*c - 35. Let g(x) = -8*x**2 - 2*x**3 - x - 3*x + x**3 - 4*x - 2. What is g(c)?
5
Let r(x) = 9*x**2 - 29*x + 12. Let i be r(3). Let a(q) = 4*q - 4. Determine a(i).
20
Let f(i) = -20 + 26 - 7 - 14*i. Calculate f(1).
-15
Let g(z) = z**2 - 25*z + 69. Let p be 2/((-2)/(-3)) - (-114)/6. Give g(p).
3
Let m(l) = -811 + 409 + 396 + 31*l + 2*l**2. Calculate m(-16).
10
Let j(k) = 4 - 2*k**3 + 3*k - 6*k**3 + 7*k**3 + 5*k**2 + 0 + 3. Calculate j(6).
-11
Let o be ((-10)/4)/(1 - 9/6). Let l(j) = 7*j - 13*j + o + 5*j + 2. Give l(4).
3
Suppose -3*x = -3*z - 24, -5*x + 2*z + 2*z = -43. Let a(p) = -13*p**2 + 1 - 2*p + p**3 + x*p**2 - 2*p**3. Let m = 4 + -6. Determine a(m).
5
Suppose 6*w = -58 - 224. Let p = w - -48. Let y(n) = -17*n + 1. Determine y(p).
-16
Let x(n) be the second derivative of 0*n**5 + 11/6*n**3 + 1/360*n**6 + 0 + 5/24*n**4 + 0*n**2 - n. Let o(y) be the second derivative of x(y). What is o(0)?
5
Let q be 132/(-21) - (-4)/14. Let x(u) be the first derivative of -u**4/24 - u**3/6 - 11*u**2/2 + 8. Let l(s) be the second derivative of x(s). What is l(q)?
5
Let k(i) = 3*i - 2. Suppose -10*s = 40 - 10. Give k(s).
-11
Let j(i) = i**3 + 2*i**2 + 4*i + 4. Let c be (46 - 47)/(2/6). Determine j(c).
-17
Let y(z) = -z**3 - 18*z**2 - 35*z - 43. Let n be y(-16). Let u(v) = 6*v + v**2 - 1 + 3 - 2*v**2. Determine u(n).
7
Let q(p) = -p**3 - 14*p**2 + 13*p - 20. Let h be q(-15). Suppose h*i = 5*i + 20. Suppose -i*g = -36 + 8. Let y(w) = -w**2 + 5*w + 3. Give y(g).
-11
Let x(u) = u**3 - 6*u**2 - u. Let d(k) = 23*k - 5. Let t be d(3). Suppose 5*b + t = b. Let n = 22 + b. What is x(n)?
-6
Suppose -2*z - d = -10 - 15, -3*d + 35 = 2*z. Suppose -2*i - 2 - z = 0. Let c(a) = -a**3 - 7*a**2 - 6*a - 5. Calculate c(i).
-5
Let d(v) = -v**2 + 9*v - 3. Suppose 2*q + 3*u = 5*u + 4, -3*u = -q - 8. What is d(q)?
11
Let o(f) = -f**3 + 8*f**2 + 3. Let j = -142 - -150. Calculate o(j).
3
Let h(f) be the second derivative of -f**4/12 + 2*f**3 - 11*f**2/2 - 2*f + 13. What is h(8)?
21
Let f(h) be the second derivative of -21/2*h**2 + 9*h - 1/6*h**3 + 0. Give f(0).
-21
Let r = 50 + -48. Let w(d) = d**2 + 7*d + 6. Let y(f) = -6*f**2 - 36*f - 29. Let s(q) = r*y(q) + 11*w(q). Give s(7).
-6
Let n be 12 - (3/1 - 4). Let d be -4 - (4/(-10) - n/5). Let m(j) = 2*j**2 + 4*j**2 - 3*j**2 + 1. Calculate m(d).
4
Let q = -36 - -39. Let l(v) = 3*v**3 + 14*v**2 + 10*v - 1. Let o(f) = f**3 + 6*f**2 + 4*f. Let u(z) = 2*l(z) - 5*o(z). Give u(q).
7
Let i(x) = x**3 - 10*x**2 + 7*x + 18. Let n be i(9). Let j(h) = -h. What is j(n)?
0
Let b(s) = 5*s + 13. Let w = 750 - 754. Determine b(w).
-7
Let y(d) = -4*d + 6. Let c(m) = -m + 14. Let p be c(12). Suppose 0 + p = -2*x. Let w be (8/(-10))/(x/5). Give y(w).
-10
Let l(p) = p**2 + 2*p + 3. Let a(d) = d**2 + 2*d + 5. Let n(u) = -5*a(u) + 4*l(u). Calculate n(0).
-13
Let y(w) = 5*w - 79. Let b be y(15). Let s(n) = n**2 + 5*n - 2. What is s(b)?
-6
Let o(x) be the second derivative of -2/3*x**3 + 0 + 1/20*x**5 - 22*x + 1/3*x**4 + 0*x**2. Determine o(-4).
16
Let b(o) = -o - 19. Suppose 296 = -18*c - 19*c. Calculate b(c).
-11
Let c be ((-5)/(-3))/(25/120*2). Let s(b) = -b**2 + 7*b - 6. What is s(c)?
6
Let t be (-28)/(-5) + 12/30. Suppose 4*x + 12 = t*x. Suppose j - 10 = x*j. Let p(q) = q**2 + 2. What is p(j)?
6
Let x(p) be the first derivative of 3*p**2/2 - 12*p + 126. What is x(7)?
9
Let v(s) = 2*s**2 - 3*s - 2. Let d be 1 + (1 - 4) + 99. Let m = d - 99. Calculate v(m).
12
Let p(r) = 15*r - 105. Let s be p(8). Let j(x) = -x**2 + 12*x + 39. What is j(s)?
-6
Let j(c) be the second derivative of 5*c**3/2 - 3*c**2/2 + 4*c. Let m(k) = -8*k + 2. Let z(f) = -6*j(f) - 11*m(f). What is z(-5)?
6
Let f(o) = -o**3 + 12*o**2 - 10*o - 6. Let g(v) = v**2 - 11*v + 11. Let u be g(11). Determine f(u).
5
Suppose -7*s + 12 = -3*s. Suppose 0 = -s*u + 6. Let k(m) = 2 - 2*m + u*m + m + m**2 + 3*m. Calculate k(-3).
-1
Let q(a) be the third derivative of -a**4/24 - 3*a**3/2 + a**2 - 45. What is q(-5)?
-4
Let b(y) = -y - 1 + 0*y**3 + 9 + 6*y**2 - y**3. Let w = -20 - -20. Suppose -l - 26 = 3*j - 7*j, -4*j + 5*l + 34 = w. What is b(j)?
2
Let h be (-396)/(-63) + 6/(-21). Let w(f) = -2*f**2 + 11*f + 4. Calculate w(h).
-2
Let x(h) = h - 3. Let b = 155 + -158. Determine x(b).
-6
Let w(g) = -2. Suppose 3*a + 5*x + 22 = 0, -2*x = -x + 2. Let l(u) = 2*u - 3. Let j(d) = a*l(d) + 6*w(d). Calculate j(1).
-8
Let h(f) = 3*f**2 + 4*f + 2. Let b be h(-2). Let x(o) = -13*o**3 + 9*o + 14*o**3 - 5*o**2 - 13*o - 7. Give x(b).
5
Let x(z) = -z**2 + 6*z. Let o = 3 - -1. Suppose 4*h - 19 = 5*u + 2, -5*h + 16 = o*u. What is x(h)?
8
Let h(k) = k**3 - 5*k**2 - 4*k + 4. Let r be 18*(-2)/2*(-6)/18. Calculate h(r).
16
Suppose -5*d = -0*d - 385. Suppose f + 4*b + d = -4*f, 0 = -2*f - b - 29. Let i = f + 18. Let z(x) = x**2 - 3*x - 3. Calculate z(i).
7
Suppose 12*k - 14*k + 5*z = 11, -3*k - 2*z - 45 = 0. Let q(a) = 2*a**3 - 15*a - 2. Let y(n) = n**3 - 7*n - 1. Let x(r) = k*y(r) + 6*q(r). Give x(0).
1
Let y(o) be the third derivative of o**5/60 - 17*o**4/24 - 11*o**3/6 - 13*o**2. Calculate y(17).
-11
Let r = 944 + -947. Let c(p) = p**2 - p - 2. Calculate c(r).
10
Suppose 8*f - 3*f = 10. Let z = -2 + f. Suppose -3*q + 6 + 0 = z. Let y(d) = -2*d**2 - d + 1. Determine y(q).
-9
Suppose -2*i - 4*l = 4, 2*i - 5 = 4*l - 1. Suppose 4*s - 6*s + 52 = i. Let o(v) = -26*v + s*v - v**2 + 1 + 3*v**3. What is o(-1)?
-3
Let l(o) be the first derivative of -o**5/120 - 5*o**4/12 + 20*o**3/3 - 3. Let u(d) be the third derivative of l(d). What is u(-7)?
-3
Let n(r) = -r**3 - 3*r**2 - 2*r - 1. Let l(h) = -h**2 - 14*h - 19. Let d be l(-12). Suppose -35 = -d*t - 40. What is n(t)?
-1
Let o(j) be the second derivative of -j**5/20 + 11*j**4/12 + 2*j**3 - 7*j**2/2 - 181*j. Determine o(12).
-7
Let c(d) = d**3 - 8*d**2 - 9*d + 4. Let v be 0 - -9 - (45 + -45). Give c(v).
4
Let u(v) = -v**3 - 12*v**2 - 45*v - 91. Let o be u(-7). Let g(w) = w**3 + 21*w**2 - 2*w - 44. Calculate g(o).
-2
Let k(v) be the second derivative of v**5/20 - v**4/4 + v**3/3 + v**2 - v. Let t(l) = 3*l**2 - 14*l + 11. Let p be t(7). Let r = -57 + p. Give k(r).
8
Let t(b) be the second derivative of 7*b**3/6 - b**2/2 + 119*b + 4. What is t(7)?
48
Let l be -4 - (-2)/((-10)/(-35)). Let a be (-30)/(-18) + (-2)/l. Let x(u) = -15*u**3. What is x(a)?
-15
Let o(a) = 2 - 48*a**2 + 46*a**2 + 0 + 2*a + 0. Let x(b) = 3*b**2 - 2*b - 2. Let c(i) = -4*o(i) - 3*x(i). Determine c(-5).
-17
Suppose -4*n = -0*n + 4. Let j(l) be the first derivative of -l**2/2 - 3. Let h(w) = 11*w + 1. Let u(d) = -h(d) + 5*j(d). What is u(n)?
15
Let f(s) = 5 - 10*s + 8*s - 5*s - s**2. What is f(-7)?
5
Let o(t) = t + 12. Let b = -400 + 400. Determine o(b).
12
Let h be (-2)/(-4)*(6 - 8). Let w(c) = -c - 4. Let t be w(h). Let p(n) = -2*n**2 - 5*n - 3. Calculate p(t).
-6
Let a = -476 - -471. Let n(d) = -7*d**3 - 12*d**2 - 11*d - 7. Let k(b) = 3*b**3 + 6*b**2 + 6*b + 4. Let q(m) = 5*k(m) + 2*n(m). Determine q(a).
-9
Let c(p) be the first derivative of -p**3/3 - 4*p**2 - 3*p + 240. Give c(-3